{"id":1167,"date":"2024-05-22T08:51:08","date_gmt":"2024-05-22T06:51:08","guid":{"rendered":"http:\/\/kultur-in-hardegsen.de\/?page_id=1167"},"modified":"2024-05-22T13:03:35","modified_gmt":"2024-05-22T11:03:35","slug":"mitgliedschaft","status":"publish","type":"page","link":"http:\/\/kultur-in-hardegsen.de\/?page_id=1167","title":{"rendered":"Mitgliedschaft"},"content":{"rendered":"\t\t<div data-elementor-type=\"wp-page\" data-elementor-id=\"1167\" class=\"elementor elementor-1167\" data-elementor-post-type=\"page\">\n\t\t\t\t<div class=\"elementor-element elementor-element-a01b29c e-flex e-con-boxed e-con e-parent\" data-id=\"a01b29c\" data-element_type=\"container\" data-e-type=\"container\" data-settings=\"{&quot;jet_parallax_layout_list&quot;:[]}\">\n\t\t\t\t\t<div class=\"e-con-inner\">\n\t\t<div class=\"elementor-element elementor-element-12d498c8 e-con-full e-flex e-con e-child\" data-id=\"12d498c8\" data-element_type=\"container\" data-e-type=\"container\" data-settings=\"{&quot;jet_parallax_layout_list&quot;:[]}\">\n\t\t\t\t<div class=\"elementor-element elementor-element-2e674223 elementor-widget elementor-widget-heading\" data-id=\"2e674223\" data-element_type=\"widget\" data-e-type=\"widget\" data-widget_type=\"heading.default\">\n\t\t\t\t<div class=\"elementor-widget-container\">\n\t\t\t\t\t<h2 class=\"elementor-heading-title elementor-size-default\">MITGLIEDSCHAFT<\/h2>\t\t\t\t<\/div>\n\t\t\t\t<\/div>\n\t\t\t\t<div class=\"elementor-element elementor-element-37912929 elementor-widget elementor-widget-text-editor\" data-id=\"37912929\" data-element_type=\"widget\" data-e-type=\"widget\" data-widget_type=\"text-editor.default\">\n\t\t\t\t<div class=\"elementor-widget-container\">\n\t\t\t\t\t\t\t\t\t<p><span class=\"xr_tl xr_s3\">Hallo liebe\/r Interessent\/in, <br><\/span><span class=\"xr_tl xr_s3\">die Arbeit der Kulturinitiative Hardegsen e.V ist nur m\u00f6glich, weil die Stadt Hardegsen, div. <\/span><span class=\"xr_tl xr_s3\">Verb\u00e4nde, Firmen und Organisationen und private Personen uns unterst\u00fctzen. Unsere gesamte <\/span><span class=\"xr_tl xr_s3\">Arbeit wird ausschlie\u00dflich aus Spenden und den Mitgliedsbeitr\u00e4gen finanziert sowie der <\/span><span class=\"xr_tl xr_s3\">ehrenamtlichen Arbeit einzelner Mitglieder.<\/span><span class=\"xr_tl xr_s3\">Mit Ihrer Mitgliedschaft k\u00f6nnen Sie das kulturelle Geschehen in unserer sch\u00f6nen Stadt <\/span><span class=\"xr_tl xr_s3\">mitgestalten. Unsere Ohren sind offen f\u00fcr neue Anregungen und Vorschl\u00e4ge.<\/span><span class=\"xr_tl xr_s3\">Der Jahresbeitrag bel\u00e4uft sich auf 30,00 \u20ac und wird in der Mitte des Jahres per <\/span><span class=\"xr_tl xr_s3\">Einzugserm\u00e4chtigung von Ihrem Konto abgebucht. \u00dcber unsere Aktivit\u00e4ten werden Sie laufend <\/span><span class=\"xr_tl xr_s3\">informiert und zu den internen Veranstaltungen eingeladen.<\/span><span class=\"xr_tl xr_s3\">F\u00fcllen Sie bitte die Mitgliedserkl\u00e4rung <a href=\"https:\/\/kultur-in-hardegsen.de\/index_htm_files\/Aufnahmeantrag-Komplett_NEU.pdf\"><span class=\"xr_s20\">(Download Mitgliedschaft.pdf (22.53 KB) hier)<\/span><\/a> mit der <\/span><span class=\"xr_tl xr_s3\">Einzugserm\u00e4chtigung aus und schicken Sie sie ab.<\/span><span class=\"xr_tl xr_s3\">Sie m\u00f6chten unsere Arbeit durch eine Spende unterst\u00fctzen? Dann setzten Sie sich einfach mit uns <\/span><span class=\"xr_tl xr_s3\">in Verbindung. Wir freuen uns \u00fcber jede Spende. F\u00fcr weitere Fragen schreiben sie uns einfach <\/span><span class=\"xr_tl xr_s3\">eine Email. <\/span><\/p>\n<p><span class=\"xr_tl xr_s3\">Vielen Dank<\/span><\/p>\t\t\t\t\t\t\t\t<\/div>\n\t\t\t\t<\/div>\n\t\t\t\t<\/div>\n\t\t\t\t\t<\/div>\n\t\t\t\t<\/div>\n\t\t<div class=\"elementor-element elementor-element-badfeca e-flex e-con-boxed e-con e-parent\" data-id=\"badfeca\" data-element_type=\"container\" data-e-type=\"container\" data-settings=\"{&quot;jet_parallax_layout_list&quot;:[]}\">\n\t\t\t\t\t<div class=\"e-con-inner\">\n\t\t\t\t<div class=\"elementor-element elementor-element-a0bb5d0 elementor-widget elementor-widget-heading\" data-id=\"a0bb5d0\" data-element_type=\"widget\" data-e-type=\"widget\" data-widget_type=\"heading.default\">\n\t\t\t\t<div class=\"elementor-widget-container\">\n\t\t\t\t\t<h3 class=\"elementor-heading-title elementor-size-default\">Bankverbindungen<\/h3>\t\t\t\t<\/div>\n\t\t\t\t<\/div>\n\t\t\t\t\t<\/div>\n\t\t\t\t<\/div>\n\t\t<div class=\"elementor-element elementor-element-14ecdaa e-flex e-con-boxed e-con e-parent\" data-id=\"14ecdaa\" data-element_type=\"container\" data-e-type=\"container\" data-settings=\"{&quot;jet_parallax_layout_list&quot;:[]}\">\n\t\t\t\t\t<div class=\"e-con-inner\">\n\t\t<div class=\"elementor-element elementor-element-202255b e-con-full e-flex e-con e-child\" data-id=\"202255b\" data-element_type=\"container\" data-e-type=\"container\" data-settings=\"{&quot;jet_parallax_layout_list&quot;:[]}\">\n\t\t\t\t<div class=\"elementor-element elementor-element-7f6f28d elementor-widget elementor-widget-text-editor\" data-id=\"7f6f28d\" data-element_type=\"widget\" data-e-type=\"widget\" data-widget_type=\"text-editor.default\">\n\t\t\t\t<div class=\"elementor-widget-container\">\n\t\t\t\t\t\t\t\t\t<p><span class=\"xr_tl xr_s3\"><strong>Volksbank Solling eG, Sitz Hardegsen<\/strong><br \/><\/span><span class=\"xr_tl xr_s3\">IBAN: DE35 2626 1693 0072 0003 00<\/span><br \/><span class=\"xr_tl xr_s3\">BIC: GENODEF1HDG<\/span><\/p>\t\t\t\t\t\t\t\t<\/div>\n\t\t\t\t<\/div>\n\t\t\t\t<\/div>\n\t\t<div class=\"elementor-element elementor-element-afe76ef e-con-full e-flex e-con e-child\" data-id=\"afe76ef\" data-element_type=\"container\" data-e-type=\"container\" data-settings=\"{&quot;jet_parallax_layout_list&quot;:[]}\">\n\t\t\t\t<div class=\"elementor-element elementor-element-5039601 elementor-widget elementor-widget-text-editor\" data-id=\"5039601\" data-element_type=\"widget\" data-e-type=\"widget\" data-widget_type=\"text-editor.default\">\n\t\t\t\t<div class=\"elementor-widget-container\">\n\t\t\t\t\t\t\t\t\t<p><span class=\"xr_tl xr_s3\"><strong>Kreissparkasse Northeim<\/strong><br \/><\/span><span class=\"xr_tl xr_s3\">IBAN: <\/span><span class=\"xr_tl xr_s3\">IBAN: DE27 2625 0001 0030 0063 57<br \/><\/span><span class=\"xr_tl xr_s3\">BIC: NOLADE21NOM<\/span><\/p>\t\t\t\t\t\t\t\t<\/div>\n\t\t\t\t<\/div>\n\t\t\t\t<\/div>\n\t\t<div class=\"elementor-element elementor-element-19931c2 e-con-full e-flex e-con e-child\" data-id=\"19931c2\" data-element_type=\"container\" data-e-type=\"container\" data-settings=\"{&quot;jet_parallax_layout_list&quot;:[]}\">\n\t\t\t\t<\/div>\n\t\t\t\t\t<\/div>\n\t\t\t\t<\/div>\n\t\t\t\t<\/div>\n\t\t","protected":false},"excerpt":{"rendered":"<p>MITGLIEDSCHAFT Hallo liebe\/r Interessent\/in, die Arbeit der Kulturinitiative Hardegsen e.V ist nur m\u00f6glich, weil die Stadt Hardegsen, div. Verb\u00e4nde, Firmen und Organisationen und private Personen uns unterst\u00fctzen. Unsere gesamte Arbeit wird ausschlie\u00dflich aus Spenden und den Mitgliedsbeitr\u00e4gen finanziert sowie der ehrenamtlichen Arbeit einzelner Mitglieder.Mit Ihrer Mitgliedschaft k\u00f6nnen Sie das kulturelle Geschehen in unserer sch\u00f6nen Stadt [&hellip;]<\/p>\n","protected":false},"author":1,"featured_media":0,"parent":0,"menu_order":0,"comment_status":"closed","ping_status":"closed","template":"","meta":{"footnotes":""},"class_list":["post-1167","page","type-page","status-publish","hentry"],"_links":{"self":[{"href":"http:\/\/kultur-in-hardegsen.de\/index.php?rest_route=\/wp\/v2\/pages\/1167","targetHints":{"allow":["GET"]}}],"collection":[{"href":"http:\/\/kultur-in-hardegsen.de\/index.php?rest_route=\/wp\/v2\/pages"}],"about":[{"href":"http:\/\/kultur-in-hardegsen.de\/index.php?rest_route=\/wp\/v2\/types\/page"}],"author":[{"embeddable":true,"href":"http:\/\/kultur-in-hardegsen.de\/index.php?rest_route=\/wp\/v2\/users\/1"}],"replies":[{"embeddable":true,"href":"http:\/\/kultur-in-hardegsen.de\/index.php?rest_route=%2Fwp%2Fv2%2Fcomments&post=1167"}],"version-history":[{"count":10,"href":"http:\/\/kultur-in-hardegsen.de\/index.php?rest_route=\/wp\/v2\/pages\/1167\/revisions"}],"predecessor-version":[{"id":1235,"href":"http:\/\/kultur-in-hardegsen.de\/index.php?rest_route=\/wp\/v2\/pages\/1167\/revisions\/1235"}],"wp:attachment":[{"href":"http:\/\/kultur-in-hardegsen.de\/index.php?rest_route=%2Fwp%2Fv2%2Fmedia&parent=1167"}],"curies":[{"name":"wp","href":"https:\/\/api.w.org\/{rel}","templated":true}]}}

<div data-elementor-type="wp-page" data-elementor-id="1167" class="elementor elementor-1167" data-elementor-post-type="page">
				<div class="elementor-element elementor-element-a01b29c e-flex e-con-boxed e-con e-parent" data-id="a01b29c" data-element_type="container" data-e-type="container" data-settings="{&quot;jet_parallax_layout_list&quot;:[]}">
					<div class="e-con-inner">
		<div class="elementor-element elementor-element-12d498c8 e-con-full e-flex e-con e-child" data-id="12d498c8" data-element_type="container" data-e-type="container" data-settings="{&quot;jet_parallax_layout_list&quot;:[]}">
				<div class="elementor-element elementor-element-2e674223 elementor-widget elementor-widget-heading" data-id="2e674223" data-element_type="widget" data-e-type="widget" data-widget_type="heading.default">
				<div class="elementor-widget-container">
					<h2 class="elementor-heading-title elementor-size-default">MITGLIEDSCHAFT</h2>				</div>
				</div>
				<div class="elementor-element elementor-element-37912929 elementor-widget elementor-widget-text-editor" data-id="37912929" data-element_type="widget" data-e-type="widget" data-widget_type="text-editor.default">
				<div class="elementor-widget-container">
									<p><span class="xr_tl xr_s3">Hallo liebe/r Interessent/in, <br></span><span class="xr_tl xr_s3">die Arbeit der Kulturinitiative Hardegsen e.V ist nur möglich, weil die Stadt Hardegsen, div. </span><span class="xr_tl xr_s3">Verbände, Firmen und Organisationen und private Personen uns unterstützen. Unsere gesamte </span><span class="xr_tl xr_s3">Arbeit wird ausschließlich aus Spenden und den Mitgliedsbeiträgen finanziert sowie der </span><span class="xr_tl xr_s3">ehrenamtlichen Arbeit einzelner Mitglieder.</span><span class="xr_tl xr_s3">Mit Ihrer Mitgliedschaft können Sie das kulturelle Geschehen in unserer schönen Stadt </span><span class="xr_tl xr_s3">mitgestalten. Unsere Ohren sind offen für neue Anregungen und Vorschläge.</span><span class="xr_tl xr_s3">Der Jahresbeitrag beläuft sich auf 30,00 € und wird in der Mitte des Jahres per </span><span class="xr_tl xr_s3">Einzugsermächtigung von Ihrem Konto abgebucht. Über unsere Aktivitäten werden Sie laufend </span><span class="xr_tl xr_s3">informiert und zu den internen Veranstaltungen eingeladen.</span><span class="xr_tl xr_s3">Füllen Sie bitte die Mitgliedserklärung <a href="https://kultur-in-hardegsen.de/index_htm_files/Aufnahmeantrag-Komplett_NEU.pdf"><span class="xr_s20">(Download Mitgliedschaft.pdf (22.53 KB) hier)</span></a> mit der </span><span class="xr_tl xr_s3">Einzugsermächtigung aus und schicken Sie sie ab.</span><span class="xr_tl xr_s3">Sie möchten unsere Arbeit durch eine Spende unterstützen? Dann setzten Sie sich einfach mit uns </span><span class="xr_tl xr_s3">in Verbindung. Wir freuen uns über jede Spende. Für weitere Fragen schreiben sie uns einfach </span><span class="xr_tl xr_s3">eine Email. </span></p>
<p><span class="xr_tl xr_s3">Vielen Dank</span></p>								</div>
				</div>
				</div>
					</div>
				</div>
		<div class="elementor-element elementor-element-badfeca e-flex e-con-boxed e-con e-parent" data-id="badfeca" data-element_type="container" data-e-type="container" data-settings="{&quot;jet_parallax_layout_list&quot;:[]}">
					<div class="e-con-inner">
				<div class="elementor-element elementor-element-a0bb5d0 elementor-widget elementor-widget-heading" data-id="a0bb5d0" data-element_type="widget" data-e-type="widget" data-widget_type="heading.default">
				<div class="elementor-widget-container">
					<h3 class="elementor-heading-title elementor-size-default">Bankverbindungen</h3>				</div>
				</div>
					</div>
				</div>
		<div class="elementor-element elementor-element-14ecdaa e-flex e-con-boxed e-con e-parent" data-id="14ecdaa" data-element_type="container" data-e-type="container" data-settings="{&quot;jet_parallax_layout_list&quot;:[]}">
					<div class="e-con-inner">
		<div class="elementor-element elementor-element-202255b e-con-full e-flex e-con e-child" data-id="202255b" data-element_type="container" data-e-type="container" data-settings="{&quot;jet_parallax_layout_list&quot;:[]}">
				<div class="elementor-element elementor-element-7f6f28d elementor-widget elementor-widget-text-editor" data-id="7f6f28d" data-element_type="widget" data-e-type="widget" data-widget_type="text-editor.default">
				<div class="elementor-widget-container">
									<p><span class="xr_tl xr_s3"><strong>Volksbank Solling eG, Sitz Hardegsen</strong><br /></span><span class="xr_tl xr_s3">IBAN: DE35 2626 1693 0072 0003 00</span><br /><span class="xr_tl xr_s3">BIC: GENODEF1HDG</span></p>								</div>
				</div>
				</div>
		<div class="elementor-element elementor-element-afe76ef e-con-full e-flex e-con e-child" data-id="afe76ef" data-element_type="container" data-e-type="container" data-settings="{&quot;jet_parallax_layout_list&quot;:[]}">
				<div class="elementor-element elementor-element-5039601 elementor-widget elementor-widget-text-editor" data-id="5039601" data-element_type="widget" data-e-type="widget" data-widget_type="text-editor.default">
				<div class="elementor-widget-container">
									<p><span class="xr_tl xr_s3"><strong>Kreissparkasse Northeim</strong><br /></span><span class="xr_tl xr_s3">IBAN: </span><span class="xr_tl xr_s3">IBAN: DE27 2625 0001 0030 0063 57<br /></span><span class="xr_tl xr_s3">BIC: NOLADE21NOM</span></p>								</div>
				</div>
				</div>
		<div class="elementor-element elementor-element-19931c2 e-con-full e-flex e-con e-child" data-id="19931c2" data-element_type="container" data-e-type="container" data-settings="{&quot;jet_parallax_layout_list&quot;:[]}">
				</div>
					</div>
				</div>
				</div>

<p>MITGLIEDSCHAFT Hallo liebe/r Interessent/in, die Arbeit der Kulturinitiative Hardegsen e.V ist nur möglich, weil die Stadt Hardegsen, div. Verbände, Firmen und Organisationen und private Personen uns unterstützen. Unsere gesamte Arbeit wird ausschließlich aus Spenden und den Mitgliedsbeiträgen finanziert sowie der ehrenamtlichen Arbeit einzelner Mitglieder.Mit Ihrer Mitgliedschaft können Sie das kulturelle Geschehen in unserer schönen Stadt [&hellip;]</p>
