{"id":77,"date":"2023-09-20T10:51:36","date_gmt":"2023-09-20T08:51:36","guid":{"rendered":"http:\/\/kultur-in-hardegsen.de\/?page_id=77"},"modified":"2025-11-28T09:02:54","modified_gmt":"2025-11-28T08:02:54","slug":"ueber-uns","status":"publish","type":"page","link":"http:\/\/kultur-in-hardegsen.de\/?page_id=77","title":{"rendered":"\u00dcber uns"},"content":{"rendered":"\t\t<div data-elementor-type=\"wp-page\" data-elementor-id=\"77\" class=\"elementor elementor-77\" data-elementor-post-type=\"page\">\n\t\t\t\t<div class=\"elementor-element elementor-element-911fd02 e-flex e-con-boxed e-con e-parent\" data-id=\"911fd02\" data-element_type=\"container\" data-e-type=\"container\" data-settings=\"{&quot;jet_parallax_layout_list&quot;:[]}\">\n\t\t\t\t\t<div class=\"e-con-inner\">\n\t\t<div class=\"elementor-element elementor-element-b153584 e-con-full e-flex e-con e-child\" data-id=\"b153584\" data-element_type=\"container\" data-e-type=\"container\" data-settings=\"{&quot;jet_parallax_layout_list&quot;:[]}\">\n\t\t\t\t<div class=\"elementor-element elementor-element-ecb9018 elementor-widget elementor-widget-heading\" data-id=\"ecb9018\" data-element_type=\"widget\" data-e-type=\"widget\" data-widget_type=\"heading.default\">\n\t\t\t\t<div class=\"elementor-widget-container\">\n\t\t\t\t\t<h2 class=\"elementor-heading-title elementor-size-default\">\u00dcBER UNS<\/h2>\t\t\t\t<\/div>\n\t\t\t\t<\/div>\n\t\t\t\t<div class=\"elementor-element elementor-element-e9e1def elementor-widget elementor-widget-text-editor\" data-id=\"e9e1def\" data-element_type=\"widget\" data-e-type=\"widget\" data-widget_type=\"text-editor.default\">\n\t\t\t\t<div class=\"elementor-widget-container\">\n\t\t\t\t\t\t\t\t\t<p>Die Kultur-Initiative Hardegsen e.V. \u2013 gegr\u00fcndet 2002 \u2013 hat sich zum Ziel gesetzt, die Kulturlandschaft in Hardegsen zu bereichern. Kultur muss nicht nur in den gro\u00dfen St\u00e4dten stattfinden, sondern soll auch im l\u00e4ndlichen Raum den Bewohnern eine h\u00f6here Lebensqualit\u00e4t bieten und unser St\u00e4dtchen mit kulturellem Leben erf\u00fcllen. Mit dem \u201eMuthaus\u201c der ehemaligen Burg Hardegsen, einem Bauwerk aus dem Jahre 1324, steht der Kultur-Initiative ein Veranstaltungsort zur Verf\u00fcgung, der Konzerte, Theater und Ausstellungen in einem ganz besonderen Ambiente erscheinen l\u00e4sst. Im historischen Rittersaal finden neben Theater- und Musikveranstaltungen allj\u00e4hrlich Konzerte der internationalen G\u00f6ttinger H\u00e4ndelfestspiele statt. Der bekannte Jazzpianist Gottfried B\u00f6ttger war von der Atmosph\u00e4re des Geb\u00e4udes so begeistert, dass er nach einem Konzert seine Unterst\u00fctzung f\u00fcr ein j\u00e4hrlich wiederkehrendes Jazz-Festival zugesagt hat. F\u00fcr Tagungen, Kongresse und private Feiern k\u00f6nnen neben dem Rittersaal auch ein historischer Gew\u00f6lbekeller mit rustikaler Einrichtung, sowie diverse kleinere R\u00e4ume einschlie\u00dflich K\u00fcche angemietet werden. Der F\u00f6rderverein, die Mitgliedsbeitr\u00e4ge und die Mieteinnahmen bilden neben der finanziellen Unterst\u00fctzung durch die Stadt Hardegsen das Fundament f\u00fcr die Arbeit der Kultur-Initiative.<\/p>\t\t\t\t\t\t\t\t<\/div>\n\t\t\t\t<\/div>\n\t\t\t\t<\/div>\n\t\t<div class=\"elementor-element elementor-element-416e74c e-con-full e-flex e-con e-child\" data-id=\"416e74c\" data-element_type=\"container\" data-e-type=\"container\" data-settings=\"{&quot;jet_parallax_layout_list&quot;:[]}\">\n\t\t\t\t<div class=\"elementor-element elementor-element-7cd732f elementor-widget elementor-widget-image\" data-id=\"7cd732f\" data-element_type=\"widget\" data-e-type=\"widget\" data-widget_type=\"image.default\">\n\t\t\t\t<div class=\"elementor-widget-container\">\n\t\t\t\t\t\t\t\t\t\t\t\t\t\t\t<img fetchpriority=\"high\" decoding=\"async\" width=\"316\" height=\"421\" src=\"https:\/\/kultur-in-hardegsen.de\/wp-content\/uploads\/2023\/10\/Ueber-uns.jpg\" class=\"attachment-large size-large wp-image-467\" alt=\"\" srcset=\"https:\/\/kultur-in-hardegsen.de\/wp-content\/uploads\/2023\/10\/Ueber-uns.jpg 316w, https:\/\/kultur-in-hardegsen.de\/wp-content\/uploads\/2023\/10\/Ueber-uns-225x300.jpg 225w\" sizes=\"(max-width: 316px) 100vw, 316px\" \/>\t\t\t\t\t\t\t\t\t\t\t\t\t\t\t<\/div>\n\t\t\t\t<\/div>\n\t\t\t\t<\/div>\n\t\t\t\t\t<\/div>\n\t\t\t\t<\/div>\n\t\t\t\t<\/div>\n\t\t","protected":false},"excerpt":{"rendered":"<p>\u00dcBER UNS Die Kultur-Initiative Hardegsen e.V. \u2013 gegr\u00fcndet 2002 \u2013 hat sich zum Ziel gesetzt, die Kulturlandschaft in Hardegsen zu bereichern. Kultur muss nicht nur in den gro\u00dfen St\u00e4dten stattfinden, sondern soll auch im l\u00e4ndlichen Raum den Bewohnern eine h\u00f6here Lebensqualit\u00e4t bieten und unser St\u00e4dtchen mit kulturellem Leben erf\u00fcllen. Mit dem \u201eMuthaus\u201c der ehemaligen Burg [&hellip;]<\/p>\n","protected":false},"author":1,"featured_media":0,"parent":0,"menu_order":0,"comment_status":"closed","ping_status":"closed","template":"","meta":{"footnotes":""},"class_list":["post-77","page","type-page","status-publish","hentry"],"_links":{"self":[{"href":"http:\/\/kultur-in-hardegsen.de\/index.php?rest_route=\/wp\/v2\/pages\/77","targetHints":{"allow":["GET"]}}],"collection":[{"href":"http:\/\/kultur-in-hardegsen.de\/index.php?rest_route=\/wp\/v2\/pages"}],"about":[{"href":"http:\/\/kultur-in-hardegsen.de\/index.php?rest_route=\/wp\/v2\/types\/page"}],"author":[{"embeddable":true,"href":"http:\/\/kultur-in-hardegsen.de\/index.php?rest_route=\/wp\/v2\/users\/1"}],"replies":[{"embeddable":true,"href":"http:\/\/kultur-in-hardegsen.de\/index.php?rest_route=%2Fwp%2Fv2%2Fcomments&post=77"}],"version-history":[{"count":10,"href":"http:\/\/kultur-in-hardegsen.de\/index.php?rest_route=\/wp\/v2\/pages\/77\/revisions"}],"predecessor-version":[{"id":1865,"href":"http:\/\/kultur-in-hardegsen.de\/index.php?rest_route=\/wp\/v2\/pages\/77\/revisions\/1865"}],"wp:attachment":[{"href":"http:\/\/kultur-in-hardegsen.de\/index.php?rest_route=%2Fwp%2Fv2%2Fmedia&parent=77"}],"curies":[{"name":"wp","href":"https:\/\/api.w.org\/{rel}","templated":true}]}}

Über uns

<div data-elementor-type="wp-page" data-elementor-id="77" class="elementor elementor-77" data-elementor-post-type="page">
				<div class="elementor-element elementor-element-911fd02 e-flex e-con-boxed e-con e-parent" data-id="911fd02" data-element_type="container" data-e-type="container" data-settings="{&quot;jet_parallax_layout_list&quot;:[]}">
					<div class="e-con-inner">
		<div class="elementor-element elementor-element-b153584 e-con-full e-flex e-con e-child" data-id="b153584" data-element_type="container" data-e-type="container" data-settings="{&quot;jet_parallax_layout_list&quot;:[]}">
				<div class="elementor-element elementor-element-ecb9018 elementor-widget elementor-widget-heading" data-id="ecb9018" data-element_type="widget" data-e-type="widget" data-widget_type="heading.default">
				<div class="elementor-widget-container">
					<h2 class="elementor-heading-title elementor-size-default">ÜBER UNS</h2>				</div>
				</div>
				<div class="elementor-element elementor-element-e9e1def elementor-widget elementor-widget-text-editor" data-id="e9e1def" data-element_type="widget" data-e-type="widget" data-widget_type="text-editor.default">
				<div class="elementor-widget-container">
									<p>Die Kultur-Initiative Hardegsen e.V. – gegründet 2002 – hat sich zum Ziel gesetzt, die Kulturlandschaft in Hardegsen zu bereichern. Kultur muss nicht nur in den großen Städten stattfinden, sondern soll auch im ländlichen Raum den Bewohnern eine höhere Lebensqualität bieten und unser Städtchen mit kulturellem Leben erfüllen. Mit dem „Muthaus“ der ehemaligen Burg Hardegsen, einem Bauwerk aus dem Jahre 1324, steht der Kultur-Initiative ein Veranstaltungsort zur Verfügung, der Konzerte, Theater und Ausstellungen in einem ganz besonderen Ambiente erscheinen lässt. Im historischen Rittersaal finden neben Theater- und Musikveranstaltungen alljährlich Konzerte der internationalen Göttinger Händelfestspiele statt. Der bekannte Jazzpianist Gottfried Böttger war von der Atmosphäre des Gebäudes so begeistert, dass er nach einem Konzert seine Unterstützung für ein jährlich wiederkehrendes Jazz-Festival zugesagt hat. Für Tagungen, Kongresse und private Feiern können neben dem Rittersaal auch ein historischer Gewölbekeller mit rustikaler Einrichtung, sowie diverse kleinere Räume einschließlich Küche angemietet werden. Der Förderverein, die Mitgliedsbeiträge und die Mieteinnahmen bilden neben der finanziellen Unterstützung durch die Stadt Hardegsen das Fundament für die Arbeit der Kultur-Initiative.</p>								</div>
				</div>
				</div>
		<div class="elementor-element elementor-element-416e74c e-con-full e-flex e-con e-child" data-id="416e74c" data-element_type="container" data-e-type="container" data-settings="{&quot;jet_parallax_layout_list&quot;:[]}">
				<div class="elementor-element elementor-element-7cd732f elementor-widget elementor-widget-image" data-id="7cd732f" data-element_type="widget" data-e-type="widget" data-widget_type="image.default">
				<div class="elementor-widget-container">
															<img fetchpriority="high" decoding="async" width="316" height="421" src="https://kultur-in-hardegsen.de/wp-content/uploads/2023/10/Ueber-uns.jpg" class="attachment-large size-large wp-image-467" alt="" srcset="https://kultur-in-hardegsen.de/wp-content/uploads/2023/10/Ueber-uns.jpg 316w, https://kultur-in-hardegsen.de/wp-content/uploads/2023/10/Ueber-uns-225x300.jpg 225w" sizes="(max-width: 316px) 100vw, 316px" />															</div>
				</div>
				</div>
					</div>
				</div>
				</div>

<p>ÜBER UNS Die Kultur-Initiative Hardegsen e.V. – gegründet 2002 – hat sich zum Ziel gesetzt, die Kulturlandschaft in Hardegsen zu bereichern. Kultur muss nicht nur in den großen Städten stattfinden, sondern soll auch im ländlichen Raum den Bewohnern eine höhere Lebensqualität bieten und unser Städtchen mit kulturellem Leben erfüllen. Mit dem „Muthaus“ der ehemaligen Burg [&hellip;]</p>
